{"id":101,"date":"2019-03-21T11:12:27","date_gmt":"2019-03-21T14:12:27","guid":{"rendered":"http:\/\/localhost\/wordpress\/?page_id=101"},"modified":"2019-03-21T11:12:27","modified_gmt":"2019-03-21T14:12:27","slug":"campeonatos","status":"publish","type":"page","link":"https:\/\/www.cuebla.com.br\/?page_id=101","title":{"rendered":"Campeonatos"},"content":{"rendered":"<p>[et_pb_section fb_built=&#8221;1&#8243; fullwidth=&#8221;on&#8221; _builder_version=&#8221;3.0.47&#8243;][et_pb_fullwidth_image src=&#8221;http:\/\/localhost\/wordpress\/wp-content\/uploads\/2019\/05\/topo-azul-2-1.jpg&#8221; _builder_version=&#8221;3.15&#8243; use_background_color_gradient=&#8221;on&#8221; background_color_gradient_end=&#8221;#25219e&#8221;][\/et_pb_fullwidth_image][\/et_pb_section][et_pb_section fb_built=&#8221;1&#8243; _builder_version=&#8221;3.0.47&#8243;][et_pb_row custom_padding=&#8221;||0px|&#8221; custom_margin=&#8221;||0px|&#8221; _builder_version=&#8221;3.15&#8243; background_size=&#8221;initial&#8221; background_position=&#8221;top_left&#8221; background_repeat=&#8221;repeat&#8221; custom_margin_last_edited=&#8221;off|&#8221;][et_pb_column type=&#8221;4_4&#8243; _builder_version=&#8221;3.0.47&#8243; parallax=&#8221;off&#8221; parallax_method=&#8221;on&#8221;][et_pb_post_title meta=&#8221;off&#8221; featured_image=&#8221;off&#8221; _builder_version=&#8221;3.15&#8243;][\/et_pb_post_title][et_pb_divider _builder_version=&#8221;3.15&#8243;][\/et_pb_divider][\/et_pb_column][\/et_pb_row][et_pb_row admin_label=&#8221;row&#8221; _builder_version=&#8221;3.0.48&#8243; background_size=&#8221;initial&#8221; background_position=&#8221;top_left&#8221; background_repeat=&#8221;repeat&#8221;][et_pb_column type=&#8221;1_3&#8243; _builder_version=&#8221;3.0.47&#8243; parallax=&#8221;off&#8221; parallax_method=&#8221;on&#8221;][et_pb_text admin_label=&#8221;News article&#8221; _builder_version=&#8221;3.15&#8243; text_font=&#8221;Trebuchet|on|||&#8221; text_text_color=&#8221;#000000&#8243; text_font_size=&#8221;22&#8243; background_size=&#8221;initial&#8221; background_position=&#8221;top_left&#8221; background_repeat=&#8221;repeat&#8221;]<span style=\"color: #2b08a8;\">#<\/span> CAMPEONATO CUEBLA[\/et_pb_text][et_pb_image src=&#8221;http:\/\/localhost\/wordpress\/wp-content\/uploads\/2019\/06\/Imagens-campeonatos-campeonato-cuebla.jpg&#8221; show_in_lightbox=&#8221;on&#8221; use_overlay=&#8221;on&#8221; overlay_icon_color=&#8221;#ffffff&#8221; hover_overlay_color=&#8221;rgba(0,0,0,0.45)&#8221; hover_icon=&#8221;%%65%%&#8221; admin_label=&#8221;Image&#8221; _builder_version=&#8221;3.15&#8243; animation_style=&#8221;slide&#8221; animation_direction=&#8221;left&#8221; animation_duration=&#8221;500ms&#8221; animation_intensity_slide=&#8221;10%&#8221; custom_css_main_element=&#8221;outline: 10px solid #e8e8e8 ;||-moz-box-shadow: 3px 3px 5px 6px #ccc;|| -webkit-box-shadow: 3px 3px 5px 6px #ccc;|| box-shadow: 3px 3px 5px 6px #ccc;&#8221; use_border_color=&#8221;off&#8221; border_color=&#8221;#ffffff&#8221; border_style=&#8221;solid&#8221; animation=&#8221;left&#8221; sticky=&#8221;off&#8221;]&nbsp;<br \/>\n[\/et_pb_image][et_pb_text admin_label=&#8221;Text&#8221; _builder_version=&#8221;3.15&#8243; background_size=&#8221;initial&#8221; background_position=&#8221;top_left&#8221; background_repeat=&#8221;repeat&#8221;]Realizado de mar\u00e7o a julho para atletas entre 8 e 16 anos.<br \/>\n[\/et_pb_text][et_pb_button button_url=&#8221;http:\/\/localhost\/wordpress\/campeonato-cuebla\/&#8221; button_text=&#8221;Saiba mais&#8221; _builder_version=&#8221;3.15&#8243; custom_button=&#8221;on&#8221; button_text_color=&#8221;#0003b5&#8243; button_font=&#8221;||||||||&#8221;]&nbsp;<br \/>\n[\/et_pb_button][\/et_pb_column][et_pb_column type=&#8221;1_3&#8243; _builder_version=&#8221;3.0.47&#8243; parallax=&#8221;off&#8221; parallax_method=&#8221;on&#8221;][et_pb_text admin_label=&#8221;News article&#8221; _builder_version=&#8221;3.15&#8243; text_font=&#8221;Trebuchet|on|||&#8221; text_text_color=&#8221;#000000&#8243; text_font_size=&#8221;22&#8243; background_size=&#8221;initial&#8221; background_position=&#8221;top_left&#8221; background_repeat=&#8221;repeat&#8221;]<strong><span style=\"color: #2b08a8;\">#<\/span><\/strong>\u00a0COPA UNI\u00c3O[\/et_pb_text][et_pb_image src=&#8221;http:\/\/localhost\/wordpress\/wp-content\/uploads\/2019\/06\/Imagens-campeonatos-uniao.jpg&#8221; show_in_lightbox=&#8221;on&#8221; use_overlay=&#8221;on&#8221; overlay_icon_color=&#8221;#ffffff&#8221; hover_overlay_color=&#8221;rgba(0,0,0,0.41)&#8221; hover_icon=&#8221;%%65%%&#8221; admin_label=&#8221;Image&#8221; _builder_version=&#8221;3.15&#8243; animation_style=&#8221;slide&#8221; animation_direction=&#8221;bottom&#8221; animation_duration=&#8221;500ms&#8221; animation_intensity_slide=&#8221;10%&#8221; custom_css_main_element=&#8221;outline: 10px solid #e8e8e8 ;||-moz-box-shadow: 3px 3px 5px 6px #ccc;|| -webkit-box-shadow: 3px 3px 5px 6px #ccc;|| box-shadow: 3px 3px 5px 6px #ccc;&#8221; use_border_color=&#8221;off&#8221; border_color=&#8221;#ffffff&#8221; border_style=&#8221;solid&#8221; animation=&#8221;bottom&#8221; sticky=&#8221;off&#8221;]&nbsp;<br \/>\n[\/et_pb_image][et_pb_text admin_label=&#8221;Text&#8221; _builder_version=&#8221;3.15&#8243; background_size=&#8221;initial&#8221; background_position=&#8221;top_left&#8221; background_repeat=&#8221;repeat&#8221;]<\/p>\n<p>Realizado de agosto a dezembro para atletas entre 8 e 16 anos. Confira as tabelas e mais detalhes na p\u00e1gina do torneio.<\/p>\n<p>[\/et_pb_text][et_pb_button button_url=&#8221;http:\/\/associacao-cuebla.ritmodoesporte.com.br\/futebol-de-campo\/copa-uniao\/2019-edicao-ano-2019\/1890&#8243; url_new_window=&#8221;on&#8221; button_text=&#8221;Saiba mais&#8221; _builder_version=&#8221;3.15&#8243; custom_button=&#8221;on&#8221; button_text_color=&#8221;#0003b5&#8243; button_font=&#8221;||||||||&#8221;]&nbsp;<br \/>\n[\/et_pb_button][\/et_pb_column][et_pb_column type=&#8221;1_3&#8243; _builder_version=&#8221;3.0.47&#8243; parallax=&#8221;off&#8221; parallax_method=&#8221;on&#8221;][et_pb_text admin_label=&#8221;News article&#8221; _builder_version=&#8221;3.15&#8243; text_font=&#8221;Trebuchet|on|||&#8221; text_text_color=&#8221;#000000&#8243; text_font_size=&#8221;22&#8243; background_size=&#8221;initial&#8221; background_position=&#8221;top_left&#8221; background_repeat=&#8221;repeat&#8221;]<strong><span style=\"color: #2b08a8;\">#<\/span><\/strong> COPA OURO[\/et_pb_text][et_pb_image src=&#8221;http:\/\/localhost\/wordpress\/wp-content\/uploads\/2019\/06\/Imagens-campeonatos-copa-ouro.jpg&#8221; show_in_lightbox=&#8221;on&#8221; use_overlay=&#8221;on&#8221; overlay_icon_color=&#8221;#ffffff&#8221; hover_overlay_color=&#8221;rgba(0,0,0,0.41)&#8221; hover_icon=&#8221;%%65%%&#8221; admin_label=&#8221;Image&#8221; _builder_version=&#8221;3.15&#8243; animation_style=&#8221;slide&#8221; animation_direction=&#8221;right&#8221; animation_duration=&#8221;500ms&#8221; animation_intensity_slide=&#8221;10%&#8221; custom_css_main_element=&#8221;outline: 10px solid #e8e8e8 ;||-moz-box-shadow: 3px 3px 5px 6px #ccc;|| -webkit-box-shadow: 3px 3px 5px 6px #ccc;|| box-shadow: 3px 3px 5px 6px #ccc;&#8221; use_border_color=&#8221;off&#8221; border_color=&#8221;#ffffff&#8221; border_style=&#8221;solid&#8221; animation=&#8221;right&#8221; sticky=&#8221;off&#8221;]&nbsp;<br \/>\n[\/et_pb_image][et_pb_text admin_label=&#8221;Text&#8221; _builder_version=&#8221;3.15&#8243; background_size=&#8221;initial&#8221; background_position=&#8221;top_left&#8221; background_repeat=&#8221;repeat&#8221;]O torneio gratuito realizado em parceria com o IEC que contempla a participa\u00e7\u00e3o de 256 equipes com crian\u00e7as entre 8 e 16 anos.<br \/>\n[\/et_pb_text][et_pb_button button_url=&#8221;http:\/\/localhost\/wordpress\/copa-ouro\/&#8221; button_text=&#8221;Saiba mais&#8221; _builder_version=&#8221;3.15&#8243; custom_button=&#8221;on&#8221; button_text_color=&#8221;#0003b5&#8243; button_font=&#8221;||||||||&#8221;]&nbsp;<br \/>\n[\/et_pb_button][\/et_pb_column][\/et_pb_row][\/et_pb_section]<\/p>\n","protected":false},"excerpt":{"rendered":"<p>[et_pb_section fb_built=&#8221;1&#8243; fullwidth=&#8221;on&#8221; _builder_version=&#8221;3.0.47&#8243;][et_pb_fullwidth_image src=&#8221;http:\/\/localhost\/wordpress\/wp-content\/uploads\/2019\/05\/topo-azul-2-1.jpg&#8221; _builder_version=&#8221;3.15&#8243; use_background_color_gradient=&#8221;on&#8221; background_color_gradient_end=&#8221;#25219e&#8221;][\/et_pb_fullwidth_image][\/et_pb_section][et_pb_section fb_built=&#8221;1&#8243; _builder_version=&#8221;3.0.47&#8243;][et_pb_row custom_padding=&#8221;||0px|&#8221; custom_margin=&#8221;||0px|&#8221; _builder_version=&#8221;3.15&#8243; background_size=&#8221;initial&#8221; background_position=&#8221;top_left&#8221; background_repeat=&#8221;repeat&#8221; custom_margin_last_edited=&#8221;off|&#8221;][et_pb_column type=&#8221;4_4&#8243; _builder_version=&#8221;3.0.47&#8243; parallax=&#8221;off&#8221; parallax_method=&#8221;on&#8221;][et_pb_post_title meta=&#8221;off&#8221; featured_image=&#8221;off&#8221; _builder_version=&#8221;3.15&#8243;][\/et_pb_post_title][et_pb_divider _builder_version=&#8221;3.15&#8243;][\/et_pb_divider][\/et_pb_column][\/et_pb_row][et_pb_row admin_label=&#8221;row&#8221; _builder_version=&#8221;3.0.48&#8243; background_size=&#8221;initial&#8221; background_position=&#8221;top_left&#8221; background_repeat=&#8221;repeat&#8221;][et_pb_column type=&#8221;1_3&#8243; _builder_version=&#8221;3.0.47&#8243; parallax=&#8221;off&#8221; parallax_method=&#8221;on&#8221;][et_pb_text admin_label=&#8221;News article&#8221; _builder_version=&#8221;3.15&#8243; text_font=&#8221;Trebuchet|on|||&#8221; text_text_color=&#8221;#000000&#8243; text_font_size=&#8221;22&#8243; background_size=&#8221;initial&#8221; background_position=&#8221;top_left&#8221; background_repeat=&#8221;repeat&#8221;]# CAMPEONATO CUEBLA[\/et_pb_text][et_pb_image src=&#8221;http:\/\/localhost\/wordpress\/wp-content\/uploads\/2019\/06\/Imagens-campeonatos-campeonato-cuebla.jpg&#8221; show_in_lightbox=&#8221;on&#8221; use_overlay=&#8221;on&#8221; overlay_icon_color=&#8221;#ffffff&#8221; hover_overlay_color=&#8221;rgba(0,0,0,0.45)&#8221; hover_icon=&#8221;%%65%%&#8221; admin_label=&#8221;Image&#8221; _builder_version=&#8221;3.15&#8243; animation_style=&#8221;slide&#8221; animation_direction=&#8221;left&#8221; [&hellip;]<\/p>\n","protected":false},"author":1,"featured_media":0,"parent":0,"menu_order":0,"comment_status":"closed","ping_status":"closed","template":"","meta":{"_et_pb_use_builder":"on","_et_pb_old_content":"","_et_gb_content_width":"","footnotes":""},"class_list":["post-101","page","type-page","status-publish","hentry"],"_links":{"self":[{"href":"https:\/\/www.cuebla.com.br\/index.php?rest_route=\/wp\/v2\/pages\/101","targetHints":{"allow":["GET"]}}],"collection":[{"href":"https:\/\/www.cuebla.com.br\/index.php?rest_route=\/wp\/v2\/pages"}],"about":[{"href":"https:\/\/www.cuebla.com.br\/index.php?rest_route=\/wp\/v2\/types\/page"}],"author":[{"embeddable":true,"href":"https:\/\/www.cuebla.com.br\/index.php?rest_route=\/wp\/v2\/users\/1"}],"replies":[{"embeddable":true,"href":"https:\/\/www.cuebla.com.br\/index.php?rest_route=%2Fwp%2Fv2%2Fcomments&post=101"}],"version-history":[{"count":0,"href":"https:\/\/www.cuebla.com.br\/index.php?rest_route=\/wp\/v2\/pages\/101\/revisions"}],"wp:attachment":[{"href":"https:\/\/www.cuebla.com.br\/index.php?rest_route=%2Fwp%2Fv2%2Fmedia&parent=101"}],"curies":[{"name":"wp","href":"https:\/\/api.w.org\/{rel}","templated":true}]}}

<p>[et_pb_section fb_built=&#8221;1&#8243; fullwidth=&#8221;on&#8221; _builder_version=&#8221;3.0.47&#8243;][et_pb_fullwidth_image src=&#8221;http://localhost/wordpress/wp-content/uploads/2019/05/topo-azul-2-1.jpg&#8221; _builder_version=&#8221;3.15&#8243; use_background_color_gradient=&#8221;on&#8221; background_color_gradient_end=&#8221;#25219e&#8221;][/et_pb_fullwidth_image][/et_pb_section][et_pb_section fb_built=&#8221;1&#8243; _builder_version=&#8221;3.0.47&#8243;][et_pb_row custom_padding=&#8221;||0px|&#8221; custom_margin=&#8221;||0px|&#8221; _builder_version=&#8221;3.15&#8243; background_size=&#8221;initial&#8221; background_position=&#8221;top_left&#8221; background_repeat=&#8221;repeat&#8221; custom_margin_last_edited=&#8221;off|&#8221;][et_pb_column type=&#8221;4_4&#8243; _builder_version=&#8221;3.0.47&#8243; parallax=&#8221;off&#8221; parallax_method=&#8221;on&#8221;][et_pb_post_title meta=&#8221;off&#8221; featured_image=&#8221;off&#8221; _builder_version=&#8221;3.15&#8243;][/et_pb_post_title][et_pb_divider _builder_version=&#8221;3.15&#8243;][/et_pb_divider][/et_pb_column][/et_pb_row][et_pb_row admin_label=&#8221;row&#8221; _builder_version=&#8221;3.0.48&#8243; background_size=&#8221;initial&#8221; background_position=&#8221;top_left&#8221; background_repeat=&#8221;repeat&#8221;][et_pb_column type=&#8221;1_3&#8243; _builder_version=&#8221;3.0.47&#8243; parallax=&#8221;off&#8221; parallax_method=&#8221;on&#8221;][et_pb_text admin_label=&#8221;News article&#8221; _builder_version=&#8221;3.15&#8243; text_font=&#8221;Trebuchet|on|||&#8221; text_text_color=&#8221;#000000&#8243; text_font_size=&#8221;22&#8243; background_size=&#8221;initial&#8221; background_position=&#8221;top_left&#8221; background_repeat=&#8221;repeat&#8221;]<span style="color: #2b08a8;">#</span> CAMPEONATO CUEBLA[/et_pb_text][et_pb_image src=&#8221;http://localhost/wordpress/wp-content/uploads/2019/06/Imagens-campeonatos-campeonato-cuebla.jpg&#8221; show_in_lightbox=&#8221;on&#8221; use_overlay=&#8221;on&#8221; overlay_icon_color=&#8221;#ffffff&#8221; hover_overlay_color=&#8221;rgba(0,0,0,0.45)&#8221; hover_icon=&#8221;%%65%%&#8221; admin_label=&#8221;Image&#8221; _builder_version=&#8221;3.15&#8243; animation_style=&#8221;slide&#8221; animation_direction=&#8221;left&#8221; animation_duration=&#8221;500ms&#8221; animation_intensity_slide=&#8221;10%&#8221; custom_css_main_element=&#8221;outline: 10px solid #e8e8e8 ;||-moz-box-shadow: 3px 3px 5px 6px #ccc;|| -webkit-box-shadow: 3px 3px 5px 6px #ccc;|| box-shadow: 3px 3px 5px 6px #ccc;&#8221; use_border_color=&#8221;off&#8221; border_color=&#8221;#ffffff&#8221; border_style=&#8221;solid&#8221; animation=&#8221;left&#8221; sticky=&#8221;off&#8221;]&nbsp;<br />
[/et_pb_image][et_pb_text admin_label=&#8221;Text&#8221; _builder_version=&#8221;3.15&#8243; background_size=&#8221;initial&#8221; background_position=&#8221;top_left&#8221; background_repeat=&#8221;repeat&#8221;]Realizado de março a julho para atletas entre 8 e 16 anos.<br />
[/et_pb_text][et_pb_button button_url=&#8221;http://localhost/wordpress/campeonato-cuebla/&#8221; button_text=&#8221;Saiba mais&#8221; _builder_version=&#8221;3.15&#8243; custom_button=&#8221;on&#8221; button_text_color=&#8221;#0003b5&#8243; button_font=&#8221;||||||||&#8221;]&nbsp;<br />
[/et_pb_button][/et_pb_column][et_pb_column type=&#8221;1_3&#8243; _builder_version=&#8221;3.0.47&#8243; parallax=&#8221;off&#8221; parallax_method=&#8221;on&#8221;][et_pb_text admin_label=&#8221;News article&#8221; _builder_version=&#8221;3.15&#8243; text_font=&#8221;Trebuchet|on|||&#8221; text_text_color=&#8221;#000000&#8243; text_font_size=&#8221;22&#8243; background_size=&#8221;initial&#8221; background_position=&#8221;top_left&#8221; background_repeat=&#8221;repeat&#8221;]<strong><span style="color: #2b08a8;">#</span></strong> COPA UNIÃO[/et_pb_text][et_pb_image src=&#8221;http://localhost/wordpress/wp-content/uploads/2019/06/Imagens-campeonatos-uniao.jpg&#8221; show_in_lightbox=&#8221;on&#8221; use_overlay=&#8221;on&#8221; overlay_icon_color=&#8221;#ffffff&#8221; hover_overlay_color=&#8221;rgba(0,0,0,0.41)&#8221; hover_icon=&#8221;%%65%%&#8221; admin_label=&#8221;Image&#8221; _builder_version=&#8221;3.15&#8243; animation_style=&#8221;slide&#8221; animation_direction=&#8221;bottom&#8221; animation_duration=&#8221;500ms&#8221; animation_intensity_slide=&#8221;10%&#8221; custom_css_main_element=&#8221;outline: 10px solid #e8e8e8 ;||-moz-box-shadow: 3px 3px 5px 6px #ccc;|| -webkit-box-shadow: 3px 3px 5px 6px #ccc;|| box-shadow: 3px 3px 5px 6px #ccc;&#8221; use_border_color=&#8221;off&#8221; border_color=&#8221;#ffffff&#8221; border_style=&#8221;solid&#8221; animation=&#8221;bottom&#8221; sticky=&#8221;off&#8221;]&nbsp;<br />
[/et_pb_image][et_pb_text admin_label=&#8221;Text&#8221; _builder_version=&#8221;3.15&#8243; background_size=&#8221;initial&#8221; background_position=&#8221;top_left&#8221; background_repeat=&#8221;repeat&#8221;]</p>
<p>Realizado de agosto a dezembro para atletas entre 8 e 16 anos. Confira as tabelas e mais detalhes na página do torneio.</p>
<p>[/et_pb_text][et_pb_button button_url=&#8221;http://associacao-cuebla.ritmodoesporte.com.br/futebol-de-campo/copa-uniao/2019-edicao-ano-2019/1890&#8243; url_new_window=&#8221;on&#8221; button_text=&#8221;Saiba mais&#8221; _builder_version=&#8221;3.15&#8243; custom_button=&#8221;on&#8221; button_text_color=&#8221;#0003b5&#8243; button_font=&#8221;||||||||&#8221;]&nbsp;<br />
[/et_pb_button][/et_pb_column][et_pb_column type=&#8221;1_3&#8243; _builder_version=&#8221;3.0.47&#8243; parallax=&#8221;off&#8221; parallax_method=&#8221;on&#8221;][et_pb_text admin_label=&#8221;News article&#8221; _builder_version=&#8221;3.15&#8243; text_font=&#8221;Trebuchet|on|||&#8221; text_text_color=&#8221;#000000&#8243; text_font_size=&#8221;22&#8243; background_size=&#8221;initial&#8221; background_position=&#8221;top_left&#8221; background_repeat=&#8221;repeat&#8221;]<strong><span style="color: #2b08a8;">#</span></strong> COPA OURO[/et_pb_text][et_pb_image src=&#8221;http://localhost/wordpress/wp-content/uploads/2019/06/Imagens-campeonatos-copa-ouro.jpg&#8221; show_in_lightbox=&#8221;on&#8221; use_overlay=&#8221;on&#8221; overlay_icon_color=&#8221;#ffffff&#8221; hover_overlay_color=&#8221;rgba(0,0,0,0.41)&#8221; hover_icon=&#8221;%%65%%&#8221; admin_label=&#8221;Image&#8221; _builder_version=&#8221;3.15&#8243; animation_style=&#8221;slide&#8221; animation_direction=&#8221;right&#8221; animation_duration=&#8221;500ms&#8221; animation_intensity_slide=&#8221;10%&#8221; custom_css_main_element=&#8221;outline: 10px solid #e8e8e8 ;||-moz-box-shadow: 3px 3px 5px 6px #ccc;|| -webkit-box-shadow: 3px 3px 5px 6px #ccc;|| box-shadow: 3px 3px 5px 6px #ccc;&#8221; use_border_color=&#8221;off&#8221; border_color=&#8221;#ffffff&#8221; border_style=&#8221;solid&#8221; animation=&#8221;right&#8221; sticky=&#8221;off&#8221;]&nbsp;<br />
[/et_pb_image][et_pb_text admin_label=&#8221;Text&#8221; _builder_version=&#8221;3.15&#8243; background_size=&#8221;initial&#8221; background_position=&#8221;top_left&#8221; background_repeat=&#8221;repeat&#8221;]O torneio gratuito realizado em parceria com o IEC que contempla a participação de 256 equipes com crianças entre 8 e 16 anos.<br />
[/et_pb_text][et_pb_button button_url=&#8221;http://localhost/wordpress/copa-ouro/&#8221; button_text=&#8221;Saiba mais&#8221; _builder_version=&#8221;3.15&#8243; custom_button=&#8221;on&#8221; button_text_color=&#8221;#0003b5&#8243; button_font=&#8221;||||||||&#8221;]&nbsp;<br />
[/et_pb_button][/et_pb_column][/et_pb_row][/et_pb_section]</p>
